-12)/r)/((-3)/68). Let b = 26 + s. Give i(b).
5
Suppose x - 1 = 2. Suppose -5*f = -2*w + 29 + x, -1 = -w. Let t(p) = -p**3 - 76*p + 7 - 6*p**2 + 42*p + 35*p. What is t(f)?
1
Let t = 36 + -31. Suppose 0 = -7*q + 9 + t. Let k(c) = 2*c**3 - c**2 + 2*c + 1. Give k(q).
17
Let l(s) be the second derivative of 3*s**4/4 + s**3/3 + 3*s**2/2 - 1162*s. Give l(-2).
35
Let m(k) = -4 - 9 + 10*k**2 + 3*k - 17*k + k**2 - 15*k**2. Calculate m(-1).
-3
Let p(q) = -q - 10*q**2 - 10*q + 4*q**2 + 4*q**2 - 8*q**2 - q**3. What is p(-9)?
18
Let y(d) = 2*d**2 + 47*d + 27. Suppose 126*p - 5*z = 125*p - 33, -17 = p + 3*z. Determine y(p).
4
Let x(w) = -6*w**2 + 5*w. Let q(b) = -b**2 + b + 1. Let a(v) = -4*q(v) + x(v). Let m(l) be the first derivative of a(l). Let h = 271 + -268. What is m(h)?
-11
Let b(a) = -2. Let q(m) = 2 - 3 - 8 - 14*m + 12*m. Let r(l) = -6*b(l) + 2*q(l). Give r(-3).
6
Let o(f) = -2*f - 9. Suppose 2*y = 3*l + 120, -3*y - 6*l + l = -161. Suppose -239 = -35*b - 2444. Let q = b + y. What is o(q)?
3
Let i(f) = 8*f**2 + 1732*f**3 + 11*f + 0*f - 66 - 1731*f**3 + 64. Determine i(-6).
4
Let n be (6 - 7)*4*-1. Let p(x) = -n + 1 - 1 + 8*x + 2. Let u be p(1). Let t(y) = -y**3 + 7*y**2 - 6*y - 3. Determine t(u).
-3
Let j(u) = 2 - 7*u**3 + u**2 - 3*u + 166*u**3 - 158*u**3. Suppose -2*b - 1 - 17 = 3*p, 2*b - 3*p - 6 = 0. What is j(b)?
-7
Let f(m) = -3*m + 9. Let u = 1196 - 1185. Determine f(u).
-24
Let i(c) = 28*c**2 - 2*c + 5. Let n(r) = 16*r**2 + 2*r + 1. Let t(d) = i(d) - 2*n(d). What is t(2)?
-25
Let k(n) = -n**2 + 5*n + 1. Let p be k(6). Let c(z) = z**2 + 6*z - 29 - z + 14 + 7 + 11. Calculate c(p).
3
Let w(q) = q**3 - 5*q**2 + 5*q - 2. Suppose -k - 95 = -154. Suppose p + 0*p + k = -3*z, 0 = 2*z - 8. Let l = p + 74. Determine w(l).
-5
Let u(f) = -6*f**3 - 27*f**2 + 14*f + 4. Let w be u(-5). Let i(y) = y + 6. Give i(w).
15
Let p(z) = -z**2 - 238*z - 241*z - 241*z + z**3 + 956*z + 31 - 240*z. What is p(0)?
31
Let v(i) = 4087 - 2*i**2 - 4093 + i**2 + 8*i. Suppose -d - 5*a - 19 = 0, -d + 16 = a - 3*a. What is v(d)?
6
Let g be (180/(-24))/((-1)/2). Suppose 9*r - 42 = -g. Let o(y) = y - 5*y**3 - 10*y**r - 6*y**2 - 5 + 16*y**3. Determine o(5).
-25
Let x be 14/4 + -4 + (-14)/4. Let r(h) = -2*h**2 + 3. Let s be (8 - 5) + 3/((-6)/4). Let w(j) = -j**2 + j + 1. Let o(p) = s*r(p) - w(p). Give o(x).
-10
Suppose 8*q = -2*q - 10. Let a(c) be the second derivative of -c**3/6 - 6*c. Determine a(q).
1
Let s(f) be the first derivative of f**6/360 + f**5/20 + f**3/3 - 68*f + 159. Let z(v) be the third derivative of s(v). Determine z(-9).
27
Let t(o) = -o**3 + 15*o**2 - 34*o + 7. Let i(w) = -w**2 + w - 1. Let b(h) = 4*i(h) + t(h). Calculate b(6).
3
Let r = 2 + -2. Let y(w) = 4*w**2 + 5*w**2 - 4383 + 4366 - 10*w**2. What is y(r)?
-17
Let c(w) = w**3 - 7*w**2 + 3*w + 2. Let k(l) be the second derivative of -8*l**3/3 + 85*l**2/2 - l + 59. Let v be k(5). Calculate c(v).
-33
Let f(y) = 54*y - 297. Let w(c) = -18*c + 99. Let g(m) = -3*f(m) - 10*w(m). Calculate g(5).
-9
Let n(u) = -90*u**3 - 28*u**2 + 15*u + 2. Let t(h) = 43*h**3 + 13*h**2 - 7*h - 1. Let o(s) = 6*n(s) + 13*t(s). Give o(1).
18
Let g(t) = -t**2 + 16*t - 6. Let b(z) = -z**2 + 14*z - 6. Let j(c) = -5*b(c) + 4*g(c). Suppose 2*x - 14 = -0. Suppose 3*a + 20 = x*a. Calculate j(a).
1
Let q(k) = -53*k - 4. Let u = -22277 + 22278. What is q(u)?
-57
Let k(j) = -j + 2. Let a be ((-900)/(-42))/((-2)/(-14)). Let g(u) = 0*u - 153 + a + u. Let v be g(6). What is k(v)?
-1
Suppose -3*q + 5*b = -11, -6*b = -352*q + 348*q + 12. Let l(v) = 16*v + 52. What is l(q)?
4
Let s(m) be the first derivative of -1/120*m**6 + 0*m + 1/6*m**3 - 1/24*m**4 + 1/60*m**5 - 38 + 41/2*m**2. Let g(a) be the second derivative of s(a). Give g(0).
1
Let z(g) be the third derivative of -28*g**2 + 1/2*g**3 + 0*g + 1/60*g**5 - 1/8*g**4 - 1/120*g**6 + 0. Determine z(3).
-24
Let s(h) = -h**2 - 143*h - 2035. Let b be s(-127). Let z(d) be the second derivative of d**4/6 + d**3/2 + d**2/2 - d. What is z(b)?
10
Let y be 1 + 20 - (-8)/(360/(-405)). Let q(a) = 2*a**3 - 26*a**2 + 25*a - 18. Calculate q(y).
-6
Let c(v) = 3625582*v + v**2 + 25 - 3625605*v - 1. Determine c(1).
2
Let u be 54/162*((-5)/(-4)*2 - -2). Let v(x) be the second derivative of -33*x - 1/12*x**4 + 0*x**3 + u*x**2 + 0. Determine v(0).
3
Let p(v) = 90948*v**2 - 90954*v**2 - 12 + v**3 + v + 38. Calculate p(4).
-2
Let x be 5*(4/5)/2. Let m(a) = -a**3 - 2*a**2 + 2. Let o(l) = 2*l**3 + 5*l**2 + 3*l - 9. Let t(p) = 3*m(p) + o(p). Determine t(x).
-9
Let d(o) = 13*o**3 - 14*o**2 + 18*o - 5. Let f(m) = -17*m**3 + 15*m**2 - 18*m + 6. Let w(r) = -4*d(r) - 3*f(r). What is w(9)?
2
Let t(v) = -70 - 7*v - 83 + 154. Suppose 0 = 2*f - b + 6, -5*f - 1 + 12 = 4*b. Determine t(f).
8
Let d = -624 - -627. Let o(s) be the third derivative of -d*s**2 + 0*s + 1/60*s**5 + 1/4*s**4 + 0 + 5/6*s**3. Determine o(-6).
5
Let c = -13407 + 321779/24. Let i(y) be the third derivative of 3/20*y**5 + 0 - c*y**4 + 0*y - 6*y**2 - 7/6*y**3 + 1/120*y**6. Calculate i(-10).
3
Let h(n) be the second derivative of -n**5/20 - 11*n**4/12 - 3*n**3/2 + 7*n**2 + 405*n - 2. Give h(-10).
4
Let g = -63 - -30. Let v = -24 - g. Suppose -y + v = 2*y. Let h(s) = -2*s + 1. Determine h(y).
-5
Let j(f) = -f + 13. Let z = 313 + -153. Let g(l) = z*l**2 - l - 83*l**2 - 78*l**2. Let i be g(-1). Give j(i).
13
Let c(z) = z**3 + 12*z**2 + 4*z + 20. Suppose -q = 5*a - 18, 4*q + 5*a - 23 = -41. Determine c(q).
-28
Let z(o) be the second derivative of 7*o**5/20 + o**4/3 - 2*o**3/3 + 3*o**2/2 - 27*o. Determine z(2).
67
Suppose 86 = -5*l - 2*o, 3*l - 10*o = -l - 150. Let x(a) = -2*a**3 - 41*a**2 - 23*a - 39. What is x(l)?
21
Let p(m) = -1314 + 656 + 5*m**2 + 655 + m - 4*m**2. Suppose 4*x + x = -15. Let f be (4/x)/((-5)/(-15)). Calculate p(f).
9
Let b(r) be the second derivative of -r**4/4 + 34*r**3/3 - 17*r**2 - 15*r - 167. Give b(22).
10
Let k = 10 + -5. Let g(c) = 19*c - 1. Let d(w) = w**2 - 98*w + 7. Let f(y) = d(y) + 5*g(y). What is f(k)?
12
Let v(z) = -z**3 - 9*z**2 - 9*z - 1. Let s be v(-8). Suppose -4*c = -5*l - 5, -2*c = l + s - 20. Let t(h) = h - 3. Determine t(l).
0
Let a(v) = 29 - 5*v + 32 - 64. Let k be -1 + -6 + 0 - (2 + -7). Determine a(k).
7
Let a(s) be the third derivative of -1/60*s**5 + 0 - 1/8*s**4 + 0*s - 1/6*s**3 + 33*s**2. Let t be a(0). Let m(p) = -p**2 + 1. Calculate m(t).
0
Let r(m) = -m**3 + m**2 + 8. Suppose 8*q = -0*q + 2*q. Suppose 0 = -4*s - 4*u + 16, 0 = -q*s - 2*s + 5*u - 20. Determine r(s).
8
Let r(h) = -2*h - 1. Let l = -192 - -198. Suppose -3*p - l = -3. Give r(p).
1
Let m(c) = -c + 7. Let h be 0 - -9 - 3 - (-7 - (-21 - -10)). Calculate m(h).
5
Let h be 3 + 2 + 0 + -3. Let t(r) = -r**3 - 19*r**h + 11*r**2 + 5 - r**2 + r + 0. What is t(-9)?
-4
Let j = 2313 - 2319. Let k(x) = x + 1. Let m(a) = -a**3 - 6*a**2 + 5*a - 3. Let f(n) = 3*k(n) - m(n). Determine f(j).
18
Suppose -202 = -2*p - 220. Let v(u) = 2*u**2 + 20*u + 14. Calculate v(p).
-4
Suppose w = 6*w - 30. Let o(b) be the second derivative of 5*b + 1/20*b**5 + 1/2*b**3 - 4*b**2 - 1/2*b**4 + 11. What is o(w)?
10
Let w(c) = -17*c + 2. Let k be w(-1). Suppose 5*r - 3*h - k = 0, -3*h + 40 = 5*r + 9. Let g(p) = -3 - r*p + p**2 + 5*p. Determine g(-3).
6
Let w = 188 + -138. Let f(l) = -54*l + 103*l - w*l + l**2 - 1. Let j be (-2)/8 - (-2)/8. Calculate f(j).
-1
Let x = 9 + -7. Let d(r) = -r**2 - 6*r + 2. Let h(s) = 2*s**2 + 12*s - 4. Let o(u) = x*h(u) + 5*d(u). Let g = -9 + 4. What is o(g)?
7
Let o(z) = -155*z - 153*z - 156*z + 20 + 613*z - 153*z. What is o(3)?
8
Let m(l) be the first derivative of 1/2*l**2 + 110 + 8*l. What is m(2)?
10
Let q(i) be the second derivative of -i**4/6 + 15*i**2/2 - 2*i - 19. Let m(x) be the first derivative of q(x). Determine m(-2).
8
Let r = 1 - 2. Let x(g) be the third derivative of -3*g**6/10 - g**5/30 - g**4/12 - g**3/6 - g**2 - 7*g - 50. Determine x(r).
35
Let n(u) = -u**2 - 15*u - 52. Let q(s) = -s**3 + 51*s**2 - 187*s - 56. Let f be q(47). What is n(f)?
2
Let x(b) = b**2 + 6*b - 7. Let r(w) = -w**3 + 6*w**2 + 7*w - 5. Let d be 5 + -5 - (-28)/4. Let l be r(d). What is x(l)?
-12
Suppose -2*g - 3*g + 30 = 0. Let c(r) = -4*r + 23. Let q be (-20)/(-2) - (2 - 1). Let w(a) = -a + 6. Let z(n) = q*w(n) - 2*c(n). Calculate z(g).
2
Let w(q) be the second derivative of q**3/